s 25877845 - -1?
25877846
In base 16, what is -6b4727d1 + -5?
-6b4727d6
In base 7, what is 352 - -1004265?
1004650
In base 16, what is -1a - -8f76c7?
8f76ad
In base 5, what is -4 + 3142132310?
3142132301
In base 9, what is -4 - -1126640?
1126635
In base 9, what is -6681728 + 3?
-6681725
In base 15, what is 209ddb2e + 4?
209ddb33
In base 4, what is -13101330132131 + 11?
-13101330132120
In base 8, what is -1716230510 + -5?
-1716230515
In base 16, what is 1a95 + 23b?
1cd0
In base 15, what is -5 - -1a37ee?
1a37e9
In base 8, what is -7625321 + 54?
-7625245
In base 10, what is -21345307 + 0?
-21345307
In base 9, what is 2 + 588083?
588085
In base 11, what is 15 + 2205295?
22052aa
In base 9, what is -2071408 + 16?
-2071382
In base 16, what is -b - -125a96?
125a8b
In base 4, what is 1032303311 + -120?
1032303131
In base 12, what is 6545973 - 2?
6545971
In base 12, what is -12 + -9380320?
-9380332
In base 14, what is 456c + 460?
49cc
In base 6, what is -255514441 - -1?
-255514440
In base 2, what is 1 + 110111111011010110011?
110111111011010110100
In base 12, what is -3793 + 15572?
1199b
In base 12, what is -a62158 + b?
-a62149
In base 14, what is 372c4 + 738?
37a1c
In base 5, what is -12322041 - -403?
-12321133
In base 8, what is 402 - -161070?
161472
In base 11, what is -1783 + 6428?
4755
In base 12, what is -830504 - -5?
-8304bb
In base 8, what is 10 - 106023513?
-106023503
In base 2, what is 10010001 + -110001000000110110011?
-110001000000100100010
In base 16, what is d + 67e232?
67e23f
In base 5, what is 101213 + -21321322?
-21220104
In base 16, what is 737 + -43?
6f4
In base 6, what is 5454520 + -4?
5454512
In base 7, what is -2014 - 423522?
-425536
In base 11, what is -1157533 - 4?
-1157537
In base 11, what is 5 + -3a50413?
-3a50409
In base 2, what is -100101101001101001 + -1111101000?
-100101111001010001
In base 14, what is a + 19d0c54?
19d0c60
In base 9, what is -6832 + 7040?
107
In base 13, what is 2ba2745 + -5?
2ba2740
In base 12, what is 87895a6 - 2?
87895a4
In base 12, what is -a9952 - 144?
-a9a96
In base 3, what is 110 + 22122121021?
22122121201
In base 13, what is 200 - -4196?
4396
In base 8, what is 3 - 230450424?
-230450421
In base 10, what is 7960361 + -11?
7960350
In base 5, what is 113014 + 14211420?
14324434
In base 6, what is 1504505154 + -11?
1504505143
In base 15, what is -41d - 2176?
-2594
In base 7, what is -362212666 + -10?
-362213006
In base 6, what is -2315500 + -31342?
-2351242
In base 11, what is -28415645 + -3?
-28415648
In base 10, what is 157 + 2882?
3039
In base 6, what is 51310342 + -104?
51310234
In base 5, what is -100201 + -13220?
-113421
In base 13, what is b + 66a0a3?
66a0b1
In base 9, what is 11144 + 1377?
12532
In base 5, what is 1 + 2310223440?
2310223441
In base 3, what is -1222100221012 - -2?
-1222100221010
In base 5, what is 34 + -2043430420?
-2043430331
In base 8, what is -422671636 - 0?
-422671636
In base 15, what is -e897 - 10c?
-e9a4
In base 13, what is 2 - -1bba3a6?
1bba3a8
In base 9, what is -261517 + -43?
-261561
In base 3, what is -200 - -1122201221211?
1122201221011
In base 7, what is 416306 - 335?
415641
In base 15, what is -4a0b - 120b?
-5c17
In base 12, what is 6148572 - 5?
6148569
In base 13, what is -a04147 + 2?
-a04145
In base 9, what is 5080 - 1182?
3787
In base 16, what is 690e618 - 3?
690e615
In base 6, what is 545 + -44544?
-43555
In base 16, what is 956e2 - 4f?
95693
In base 5, what is -3 - -100342103?
100342100
In base 9, what is 102 - -1472614?
1472716
In base 2, what is -111100010111111010 + -1111?
-111100011000001001
In base 3, what is -11010 - 20212101022?
-20212112102
In base 2, what is -111100 + -11110101101011011?
-11110101110010111
In base 16, what is a96cc + -6?
a96c6
In base 14, what is -3 - -76aa881?
76aa87c
In base 7, what is 5 - -33541100?
33541105
In base 8, what is -3404234 - 54?
-3404310
In base 8, what is 11 + -35422615?
-35422604
In base 9, what is -1288832 + -11?
-1288843
In base 16, what is -410d + -101?
-420e
In base 6, what is -3 + -1520513040?
-1520513043
In base 5, what is 2 - -2244031204?
2244031211
In base 14, what is 5 + 15943?
15948
In base 9, what is -480543 + 18?
-480524
In base 13, what is 5 - -250045?
25004a
In base 5, what is -11030141004 - 2?
-11030141011
In base 14, what is -1 + -d8c3b0?
-d8c3b1
In base 3, what is -2100210002220010 - 20?
-2100210002220100
In base 15, what is 560 + 2b872?
2bdd2
In base 3, what is -201200221 + -1222211?
-210200202
In base 3, what is 22 + 111020011120?
111020011212
In base 15, what is -32c1cc7 + 4?
-32c1cc3
In base 6, what is 1055120 - 220430?
434250
In base 15, what is -751 + -1a63?
-22b4
In base 14, what is -704 + 1ac74?
1a570
In base 4, what is -3 + 10113133101?
10113133032
In base 8, what is 5 - 540427737?
-540427732
In base 10, what is 181 - -76187?
76368
In base 6, what is 1230222 + 150?
1230412
In base 6, what is -102 - 142522434?
-142522540
In base 16, what is 5 + -a8d0fa0?
-a8d0f9b
In base 2, what is -1100100001100000 + -111001111110?
-1101011011011110
In base 11, what is -5 - 126a152a?
-126a1534
In base 10, what is 6529 + 29206?
35735
In base 4, what is 111121231 + 23232?
111211123
In base 15, what is -1554d - 8c5?
-15e23
In base 15, what is -1b8719 - -d?
-1b870b
In base 12, what is -1136 - -4656b?
45435
In base 8, what is 204313 + -1131?
203162
In base 14, what is c - 3c2782?
-3c2774
In base 3, what is 1220120102102112 - -101?
1220120102102220
In base 10, what is 4 + -2083607?
-2083603
In base 3, what is 211011211100001 - -202?
211011211100210
In base 4, what is 20312320221 + 13?
20312320300
In base 5, what is 1240212043 + 333?
1240212431
In base 5, what is -212300101333 - 0?
-212300101333
In base 8, what is 77651 + 2667?
102540
In base 8, what is -45645 + -35455?
-103322
In base 5, what is 3 + 4202411102?
4202411110
In base 14, what is -5 - 188b708?
-188b70d
In base 4, what is 1102000301333 - 120?
1102000301213
In base 15, what is -27c064a - -9?
-27c0641
In base 3, what is -210 + -10021011220012?
-10021011220222
In base 7, what is -10255215 + -2?
-10255220
In base 14, what is 2 + -2dcba3?
-2dcba1
In base 7, what is -3105 + -2204351?
-2210456
In base 9, what is 38510 - 1452?
37047
In base 15, what is 1 - 3844114?
-3844113
In base 9, what is -10578 + -541?
-11230
In base 12, what is -7 + 10a9b73?
10a9b68
In base 6, what is -15042203 - 1242?
-15043445
In base 3, what is -2212201001020020210 + 10?
-2212201001020020200
In base 6, what is -30303340 + -25?
-30303405
In base 15, what is a0c8c - -267?
a1004
In base 11, what is 243282 + -4?
243279
In base 15, what is 1c2a56a6 + 5?
1c2a56ab
In base 15, what is -3239 + -6d3?
-391c
In base 5, what is 100413214232 + 12?
100413214244
In base 7, what is 11435 - -566?
12334
In base 16, what is 229cc - -42?
22a0e
In base 2, what is -100111011001101 + 10100101?
-100111000101000
In base 14, what is -115d - 1d20?
-307d
In base 14, what is 3c6b - -4365?
81d2
In base 6, what is -15502505103 + 0?
-15502505103
In base 11, what is 95 + -3586?
-34a1
In base 13, what is -3b + 3bc92b3?
3bc9275
In base 13, what is -16bc89 - -4?
-16bc85
In base 14, what is 20 + -492020?
-492000
In base 6, what is -53022510 - -13?
-53022453
In base 15, what is 1 - -246ab38?
246ab39
In base 9, what is -107746 - 70?
-107826
In base 16, what is d864951 - 5?
d86494c
In base 10, what is -35 + 246608?
246573
In base 9, what is -11835183 - -4?
-11835178
In base 12, what is -606 + 19ab20?
19a516
In base 10, what is -12879000 - 3?
-12879003
In base 12, what is 8b1 + -11920?
-1102b
In base 12, what is 8810 - -29680?
36290
In base 13, what is 1b75 + 5008?
6b80
In base 5, what is 2 - 1101410222?
-1101410220
In base 9, what is -42451521 - 20?
-42451541
In base 7, what is -463100360 - 1?
-463100361
In base 16, what is -1340a7 + 1?
-1340a6
In base 4, what is 101302 + 21030332?
21132300
In base 3, what is -20212000201 + 21102?
-20211202022
In base 5, what is 302340214212 + -2?
302340214210
In base 15, what is 1b64 + a4?
1c18
In base 16, what is 25 + 7c25f?
7c284
In base 10, what is -992 - 23730?
-24722
In base 6, what is 3522 + 1451054?
1455020
In base 7, what is -1223053 + 14?
-1223036
In base 10, what is 2 - 5507734?
-5507732
In base 12, what is -17a32786 + 4?
-17a32782
In base 4, what is 210112300 - 103200?
21000310